nder when a(h) is divided by i.
7
Let o(w) = w**3 - 6*w**2 - 14*w + 7. Let q(a) = -5*a - 48. Let u be q(-19). Suppose -1 = -6*z + u. What is the remainder when 158 is divided by o(z)?
20
Suppose -4*f + v = -431, -3*f + 47*v = 46*v - 322. Calculate the remainder when 401 is divided by f.
74
What is the remainder when 1572 is divided by (-6)/(-12) + 18684/32*(-32)/(-24)?
14
Let p(f) = f**3 - 13*f**2 - 5*f + 27. Let i be p(13). Let l be 10/95 + 118/i. What is the remainder when 986/8 - l/(-12) is divided by 31?
30
Let z(s) = s**3 + 6*s**2 + 3*s + 11. Let v = 745 - 750. Calculate the remainder when 70 is divided by z(v).
7
Suppose -2*w + 127 = c - 0*c, -249 = -4*w - c. What is the remainder when -4 - (9 - (3 - 6))*3850/(-462) is divided by w?
35
Let n(h) = -3*h**2 - 90*h + 206. What is the remainder when n(-26) is divided by 10?
8
Let i(c) = 6*c - 62. Let m = -54 - -69. What is the remainder when 193 is divided by i(m)?
25
Let w(m) = -1889*m - 6944. What is the remainder when 4897 is divided by w(-4)?
1
Suppose 6*m + 0*m + 27472 = 22*m. Calculate the remainder when m is divided by 284.
13
Suppose -112 = -50*n + 42*n. Suppose -3*j - 4*c - n = 0, -4*j = j - 2*c - 20. What is the remainder when 3 is divided by j?
1
Suppose -3*y = 4*y - 154. Suppose -4*u = -5*j + 59, -y*j + 9 = -21*j + 2*u. Calculate the remainder when 22 is divided by j.
0
Let a be (-174 + 0)/((-2)/3). Suppose -270*t + a*t + 153 = 0. What is the remainder when 66 is divided by t?
15
Suppose -18*o = -16*o - 4*u - 40, 2*o - 3*u - 44 = 0. What is the remainder when 1342 is divided by o?
26
Let v(s) = 24*s - 87. Let w be v(5). Let f = -7 + w. What is the remainder when 70 is divided by f?
18
Let z(p) = p**2 + 9*p + 20. Let v be z(-6). Let n be v*(0 + 6) + 1. Suppose -n*i + 32 = -9*i. What is the remainder when 11 is divided by i?
3
Suppose 49 = -9*g - 5. Let u = 22 - g. Suppose 4*o - 292 = -4*d + 156, -5*d = -5. Calculate the remainder when o is divided by u.
27
Let u = 96 + -68. Suppose 5*x = 4*z - 0*z - 260, 4*z + u = -x. Let j = x - -54. What is the remainder when 28 is divided by j?
4
Let t(u) = 2*u - 1. Let i be t(3). Suppose -2*q + 176 = 5*k, 3*q + i*k - k - 257 = 0. Calculate the remainder when q is divided by 43.
40
Suppose -3*q + 1080 = -4*d, -658*d = 3*q - 655*d - 1122. What is the remainder when q is divided by 165?
38
Suppose 5*r - 3307 - 4800 = -8*w, 0 = w - 4*r - 1018. Calculate the remainder when w is divided by 226.
110
Let v(m) = -12*m + 90. Let i be v(8). Calculate the remainder when 148 is divided by i/(48/20)*(-60)/25.
4
Suppose -2085*d = -2135*d + 600. What is the remainder when (0 - 1 - 1)*-94 is divided by d?
8
Suppose 5*y = 30, -8068 = 34*u - 38*u + 2*y. What is the remainder when u is divided by 6?
4
Let r = -6 + -50. Let v = r - -34. Let u = v - -25. Calculate the remainder when u is divided by 2.
1
Let l(k) be the first derivative of 41*k**2/2 + 248*k + 129. Calculate the remainder when 30 is divided by l(-6).
0
Let k = -13 - -16. Suppose -4*d + 2 = u - 2*d, -4*u = -3*d + k. Suppose -t + 14 - 9 = u. What is the remainder when 17 is divided by t?
2
Suppose -11*k - 915 + 7350 = 0. Let s = 683 - k. Calculate the remainder when s is divided by 33.
32
Let i(u) = -2*u - 6*u**2 + 3*u**2 + 5*u - 2 - u**3. Let r be (280/(-112))/((-2)/(-4)). What is the remainder when i(r) is divided by 5?
3
Let g = 803 + -378. Suppose 6*k - 2*c - 257 = 3*k, -5*k = -4*c - g. Calculate the remainder when 152 is divided by k.
63
Let p(c) = -4*c**2 - 256*c - 1544. Calculate the remainder when 926 is divided by p(-7).
42
Suppose 107*j - 15392 = 106*j. Suppose -34*b + 8*b = -j. What is the remainder when b is divided by 27?
25
Suppose 3*y = 2*y - j + 80, -3*y + j = -260. Suppose 0 = p, 5*z + 3*p - 15 = y. What is the remainder when z is divided by 6?
2
Suppose 0 = -2*g + 3*q - 0*q + 9, 0 = 4*g + q - 39. Suppose x = 14 - g. What is the remainder when 89 is divided by x?
4
Suppose -2*v + 376 = -o, v + 34 = o + 223. Calculate the remainder when v is divided by 5.
2
Calculate the remainder when 155 is divided by ((-336)/(-10))/(398/995).
71
Let y(z) be the third derivative of 19/24*z**4 + 0*z - 10*z**2 + 1/2*z**3 + 0. What is the remainder when y(5) is divided by 25?
23
Let j be (0/2)/(-5) + -58. Let z = j + 62. Suppose -2*r + 462 = z*r. Calculate the remainder when r is divided by 16.
13
Let v = 64 + -39. What is the remainder when 27/(-12) + (-2460)/(-48) is divided by v?
24
Suppose -10*l - 130*l + 10800 = 10*l. Calculate the remainder when l is divided by 21.
9
Suppose -1833 - 4503 = 8*a. What is the remainder when (a/(-27))/11*426/8 is divided by 8?
6
Suppose 405 = 2*g + g + 2*v, -535 = -4*g - v. Suppose -73*k = -1925 - 557. Calculate the remainder when g is divided by k.
31
Suppose -4*q = -x - q + 36, 0 = 2*x - q - 87. Let z be (-10)/x - (-65)/9. Calculate the remainder when (z + -5)/(2/11) is divided by 8.
3
Let r(s) = -5*s - 20. Calculate the remainder when r(-58) is divided by 17.
15
Let b = 6424 - 3217. Suppose -727 = 4*q - b. Calculate the remainder when q is divided by 23.
22
Let n(j) = j**2 + 14*j - 458. Suppose 0 = v - 4 - 3. What is the remainder when n(-30) is divided by v?
1
Let r(f) = -10 + 23 + 6*f + 34 + 4*f. What is the remainder when 48 is divided by r(-3)?
14
Suppose 5*r - 3*r + v = 62, 0 = -5*r + 2*v + 173. Let i(g) = -75*g + 5. Let x be i(-3). Suppose 4*q - 150 = x. Calculate the remainder when q is divided by r.
29
Let b(v) = 24*v - 92. Calculate the remainder when b(10) is divided by (7 + -13 + 7)*19.
15
Suppose -3776 = -3*j + 5*u, 27*j - 33*j + 3*u + 7608 = 0. What is the remainder when j is divided by 158?
8
Suppose 12 = 4*i, 5*i - i = -4*k + 164. Suppose -472 = 36*n - k*n. Suppose 0 = 7*a - 719 + n. Calculate the remainder when a is divided by 8.
5
Let s = 136 + -122. What is the remainder when 66 is divided by (40/s)/(-1 + 54/42)?
6
Let q(y) = 2*y + 17. Let f be q(0). Let a = 30 - f. Suppose -a = 5*s - 33. What is the remainder when 7 is divided by s?
3
Let l(u) = u**3 - 9*u**2 + 15*u + 25. Calculate the remainder when l(6) is divided by ((-24)/(-16))/(9/30).
2
Suppose -23*a = 20*a - 35*a - 768. What is the remainder when a is divided by 95?
1
Let l = 5415 + -5253. Calculate the remainder when l is divided by 33.
30
Suppose -3*f - r + 16591 = 2*f, -f + 5*r = -3313. Calculate the remainder when f is divided by 123.
120
Suppose 2*l - 168 - 181 = -109. Calculate the remainder when 250 is divided by l.
10
Suppose -3*x + x + 112 = 0. Let v(b) = -2*b**2 + 19*b + 19764. What is the remainder when v(104) is divided by x?
52
Let y be (-7245)/23 - 2/3*-3. Let h = y + 322. Calculate the remainder when 26 is divided by h.
8
Let r be (-1)/(2/(-30)*(-10)/60). Let l be -3 + 1 - (0 - -7). Calculate the remainder when 143 is divided by 364/10 + l/(r/(-4)).
35
Let f = 163 - 88. Suppose 3*k - 4*n + 5 = 0, 10 = -k + n + 2*n. Suppose -p = 3*t - 9 - 1, -2*t - 67 = -k*p. Calculate the remainder when f is divided by p.
10
What is the remainder when 1411 is divided by 34/1 + (20/(-10))/2?
25
Suppose 2*v - v + 13 = 2*h, 0 = -h - 3*v - 4. Suppose 3*p = h*r + 71, 2*p - 52 = 3*r - 4. What is the remainder when 429 is divided by p?
24
Calculate the remainder when (-1453 - 8)/1*((-10)/(-6) + -2) is divided by 14.
11
Suppose -2*p - 2*p + h = 844, p + 226 = 4*h. Let n = -202 - p. Suppose c - 57 = -2*c. Calculate the remainder when c is divided by n.
3
What is the remainder when 27 + -25 + 873 + -4 is divided by 31?
3
Let c = 479 - 469. Suppose -c - 7 = -17*w. What is the remainder when w is divided by 1?
0
Let a = 3431 + -3402. What is the remainder when 200 is divided by a?
26
Let u(o) = -o**3 - 6*o**2 + 6*o + 8. Let x be (14/6)/((-4)/12). Suppose 0 = -2*q - 67 + 49, -2*l + 18 = 2*q. What is the remainder when l is divided by u(x)?
3
Let s(a) = a + 57. Suppose 6*j - 600 = 31*j. Calculate the remainder when 65 is divided by s(j).
32
Let w(j) = -j**3 - 11*j**2 - 19*j - 5. Suppose 8*p + 18 = 6*p. Let y be w(p). Suppose -7*z + y = -5*z. Calculate the remainder when z is divided by 2.
0
Let c be 28/6 + 42/(-63). Suppose 0 = 2*d + 2, 0*d = -c*u + d + 201. Suppose i + 4*h = 33 + 1, 0 = 3*i - h - u. Calculate the remainder when i is divided by 12.
6
Let k(v) = -14 - 43*v + 13 + 52*v. What is the remai